208 is divided by 3044.
120
What is the remainder when 351127 is divided by 146?
143
What is the remainder when 643 is divided by 7?
6
Calculate the remainder when 326 is divided by 73.
34
What is the remainder when 515 is divided by 261?
254
Calculate the remainder when 53437 is divided by 1137.
1135
What is the remainder when 2137 is divided by 72?
49
What is the remainder when 1881 is divided by 304?
57
What is the remainder when 36122 is divided by 749?
170
Calculate the remainder when 15424 is divided by 83.
69
What is the remainder when 269 is divided by 150?
119
What is the remainder when 665555 is divided by 14?
9
Calculate the remainder when 40325 is divided by 71.
68
Calculate the remainder when 2911 is divided by 255.
106
What is the remainder when 19679 is divided by 3125?
929
Calculate the remainder when 5466 is divided by 59.
38
What is the remainder when 759 is divided by 671?
88
What is the remainder when 14591 is divided by 9?
2
What is the remainder when 89346 is divided by 647?
60
Calculate the remainder when 4029 is divided by 575.
4
What is the remainder when 32098 is divided by 428?
426
What is the remainder when 583292 is divided by 98?
94
What is the remainder when 951 is divided by 268?
147
What is the remainder when 570 is divided by 54?
30
Calculate the remainder when 15970 is divided by 310.
160
What is the remainder when 98662 is divided by 103?
91
What is the remainder when 1598 is divided by 265?
8
Calculate the remainder when 4815321 is divided by 6.
3
Calculate the remainder when 1674 is divided by 337.
326
Calculate the remainder when 15136 is divided by 2510.
76
What is the remainder when 468146 is divided by 30?
26
Calculate the remainder when 21012 is divided by 226.
220
What is the remainder when 1764 is divided by 327?
129
What is the remainder when 131132 is divided by 103?
13
What is the remainder when 58975 is divided by 965?
110
Calculate the remainder when 17048 is divided by 363.
350
What is the remainder when 2891770 is divided by 36?
34
Calculate the remainder when 2320 is divided by 34.
8
What is the remainder when 2939078 is divided by 31?
30
What is the remainder when 2697 is divided by 2295?
402
What is the remainder when 59625 is divided by 265?
0
What is the remainder when 19832 is divided by 19827?
5
What is the remainder when 1657 is divided by 4?
1
What is the remainder when 5996 is divided by 2988?
20
What is the remainder when 1345 is divided by 1127?
218
What is the remainder when 286222 is divided by 178?
176
Calculate the remainder when 4478 is divided by 22.
12
What is the remainder when 3628 is divided by 116?
32
What is the remainder when 2428 is divided by 736?
220
What is the remainder when 323459 is divided by 107815?
14
What is the remainder when 30443 is divided by 595?
98
What is the remainder when 3644 is divided by 36?
8
Calculate the remainder when 1358 is divided by 41.
5
What is the remainder when 1255 is divided by 578?
99
What is the remainder when 873357 is divided by 9493?
1
Calculate the remainder when 39798 is divided by 13227.
117
Calculate the remainder when 1383550 is divided by 24.
22
Calculate the remainder when 1144 is divided by 63.
10
What is the remainder when 313 is divided by 22?
5
What is the remainder when 1930 is divided by 407?
302
What is the remainder when 9320 is divided by 517?
14
What is the remainder when 5157 is divided by 284?
45
Calculate the remainder when 53254 is divided by 61.
1
Calculate the remainder when 14633 is divided by 483.
143
What is the remainder when 178074 is divided by 11871?
9
Calculate the remainder when 19142 is divided by 55.
2
Calculate the remainder when 297692 is divided by 81.
17
Calculate the remainder when 78647 is divided by 8734.
41
What is the remainder when 910609 is divided by 227651?
5
What is the remainder when 3380 is divided by 29?
16
What is the remainder when 2478 is divided by 139?
115
What is the remainder when 678363 is divided by 30?
3
What is the remainder when 9309 is divided by 666?
651
Calculate the remainder when 82075 is divided by 90.
85
What is the remainder when 19062 is divided by 4759?
26
What is the remainder when 10761 is divided by 47?
45
Calculate the remainder when 2260 is divided by 671.
247
What is the remainder when 9364 is divided by 9?
4
Calculate the remainder when 477 is divided by 42.
15
What is the remainder when 394 is divided by 376?
18
Calculate the remainder when 718 is divided by 371.
347
What is the remainder when 4029 is divided by 13?
12
What is the remainder when 24953 is divided by 658?
607
What is the remainder when 19679 is divided by 160?
159
Calculate the remainder when 881 is divided by 186.
137
Calculate the remainder when 128155 is divided by 749.
76
What is the remainder when 32687 is divided by 61?
52
Calculate the remainder when 54658 is divided by 10930.
8
Calculate the remainder when 8605 is divided by 8527.
78
What is the remainder when 21650 is divided by 28?
6
Calculate the remainder when 2082 is divided by 509.
46
What is the remainder when 90918 is divided by 45433?
52
Calculate the remainder when 33961 is divided by 6787.
26
What is the remainder when 4771 is divided by 939?
76
Calculate the remainder when 48113 is divided by 48113.
0
What is the remainder when 6443 is divided by 50?
43
Calculate the remainder when 221895 is divided by 20.
15
What is the remainder when 2326 is divided by 181?
154
Calculate the remainder when 10792 is divided by 2044.
572
Calculate the remainder when 22861 is divided by 116.
9
What is the remainder when 1746 is divided by 1572?
174
Calculate the remainder when 4690 is divided by 46.
44
Calculate the remainder when 2646 is divided by 2629.
17
Calculate the remainder when 35042 is divided by 5005.
7
What is the remainder when 205998 is divided by 47?
44
What is the remainder when 3202 is divided by 176?
34
What is the remainder when 124025 is divided by 408?
401
Calculate the remainder when 586817 is divided by 37.
34
Calculate the remainder when 75522 is divided by 79.
77
What is the remainder when 18118 is divided by 181?
18
Calculate the remainder when 2797 is divided by 924.
25
What is the remainder when 384209 is divided by 14?
7
What is the remainder when 34489 is divided by 125?
114
What is the remainder when 114706 is divided by 132?
130
What is the remainder when 588385 is divided by 196119?
28
Calculate the remainder when 42058 is divided by 2988.
226
What is the remainder when 14706 is divided by 129?
0
What is the remainder when 264 is divided by 206?
58
What is the remainder when 18233 is divided by 702?
683
What is the remainder when 23886 is divided by 459?
18
What is the remainder when 11666 is divided by 1642?
172
What is the remainder when 40701 is divided by 33?
12
Calculate the remainder when 17935 is divided by 3527.
300
What is the remainder when 14226 is divided by 137?
115
Calculate the remainder when 51735 is divided by 25836.
63
Calculate the remainder when 681779 is divided by 72.
11
Calculate the remainder when 2192084 is divided by 88.
4
What is the remainder when 19317 is divided by 309?
159
Calculate the remainder when 145388 is divided by 13.
9
Calculate the remainder when 407476 is divided by 111.
106
What is the remainder when 1537 is divided by 473?
118
What is the remainder when 149107 is divided by 37267?
39
What is the remainder when 8789 is divided by 971?
50
Calculate the remainder when 367832 is divided by 895.
882
What is the remainder when 259540 is divided by 53?
52
Calculate the remainder when 8020 is divided by 94.
30
Calculate the remainder when 3990 is divided by 289.
233
Calculate the remainder when 11602064 is divided by 1234.
1230
What is the remainder when 10098 is divided by 5041?
16
What is the remainder when 1407 is divided by 842?
565
Calculate the remainder when 6825 is divided by 117.
39
What is the remainder when 20285 is divided by 2534?
13
What is the remainder when 6490 is divided by 59?
0
Calculate the remainder when 9510 is divided by 3164.
18
Calculate the remainder when 162971 is divided by 14.
11
What is the remainder when 3794 is divided by 379?
4
Calculate the remainder when 1503 is divided by 728.
47
Calculate the remainder when 29206 is divi